e factors of v(-6)?
2, 3, 5, 7
Suppose 22*l - 549655 = -38*l + 143825. List the prime factors of l.
2, 5779
Let y(x) = -2*x**3 - 26*x**2 - 20*x + 15. Let o be y(-16). Suppose -2*n = 5*r - o, r + 5*n = 2*n + 369. List the prime factors of r.
3, 5
Suppose -3*i = 5*b - 154, -5*i + 2*b = -0*b - 298. Let g = 91 - i. Suppose g + 221 = 2*n. List the prime factors of n.
127
What are the prime factors of 10/4 - (1127/(-2) - (5 + 2))?
3, 191
Suppose 0 = -6*x + 18, -i + 30748 = 5*x - 12465. What are the prime factors of i?
2, 21599
Suppose 123*g - 30817 = 118*g - 4*i, 6 = -3*i. What are the prime factors of g?
3, 5, 137
Suppose 0 = -33*b + 29*b + 16. Suppose -b*r + 3*r = 5*q - 817, 319 = 2*q + 3*r. What are the prime factors of q?
2, 41
Let u = -60 + 65. What are the prime factors of -2 + u + (-8)/16*-154?
2, 5
Let a(s) = -3*s**2 + 8*s + 7. Let w be a(3). Suppose -11 = v - 7, -3308 = -w*g + 4*v. What are the prime factors of g?
823
Let b(l) = -208*l**3 + 2*l**2 + l - 2. Let k(h) = -h**3 - h + 1. Let f(j) = -b(j) + 5*k(j). What are the prime factors of f(1)?
2, 101
Let a(r) = 2*r**2 + 7*r - 10. Let o be a(5). Let b = 167 - o. What are the prime factors of ((-20)/(-5) - 8) + b?
2, 11
Let r = -1591 - -12411. List the prime factors of r.
2, 5, 541
Let y(l) = 8 + 6*l + 14 + 8. Let f = 49 + -44. List the prime factors of y(f).
2, 3, 5
Suppose 5*q = q, -5*m + q + 2280 = 0. Suppose 5*y = -5*t - 1500, -47*y - 2*t - 304 = -46*y. Let w = y + m. What are the prime factors of w?
2, 5
Let c(y) be the first derivative of -y**2/2 + 95*y + 77. What are the prime factors of c(33)?
2, 31
Let k(c) = 208*c + 11. Let h be k(7). Let u = h + 471. List the prime factors of (u/12 + -1)*4/3.
2, 107
Suppose 3*a = j - 4, 0 = 3*j - 4*a + 3 + 5. Let w(h) = h**2 + 6*h - 15. Let f be w(j). List the prime factors of (0/7 - f)*(1 + -126).
5
Suppose -563*r + 565*r - 10498 = 0. What are the prime factors of r?
29, 181
Let t(r) = -r**2 - 19*r - 51. Let x be t(-3). What are the prime factors of 3 + -4 + x - (-4 - 344)?
2, 43
Let y be (-1)/(5 - 130/25). Suppose z = -2*d + 13, -y*z = -8*z - 4*d + 47. What are the prime factors of z?
3, 7
Let o be (42/98)/(1/7). Suppose -o*n + 3*u + 630 = 0, -3*u + 2*u + 830 = 4*n. List the prime factors of n.
2, 13
List the prime factors of 17138/14 - 9/378*6.
2, 3, 17
Let d = -99334 + 139269. List the prime factors of d.
5, 7, 163
Let p(s) = 248*s + 1052. Let x be p(-13). Let d = -46 + 80. What are the prime factors of 4/d - x/34?
2
Suppose 3*a - 16 + 40 = 0. What are the prime factors of 5/20 + (-1)/(a/2550)?
11, 29
Suppose -15 = 3*n, -n = 2*d - 1819 - 5036. Suppose -5 = -2*u + 3*u, -3*v - 4*u = -d. List the prime factors of v.
2, 5, 23
Let m = 7470 - -549. What are the prime factors of m?
3, 11
Let a be (1/(-2))/((-6)/(-468)). Let b = 40 + a. What are the prime factors of -48*(b/(-3) + -1)?
2
Let g = 55120 + -31992. List the prime factors of g.
2, 7, 59
Let f be 34/4 + 11 + 95/(-10). Suppose -3*r = 0, 11*r = -3*a + f*r + 1602. List the prime factors of a.
2, 3, 89
Let x(u) = 2*u**2 - 9*u + 8831. What are the prime factors of x(0)?
8831
Let l = -9008 - -39528. What are the prime factors of l?
2, 5, 7, 109
Let g(k) = 170*k - 37. Let m(s) = -57*s + 12. Let p(w) = -2*g(w) - 7*m(w). Let h(q) = 58*q - 10. Let z(a) = -4*h(a) + 5*p(a). List the prime factors of z(3).
179
Let r(s) = 7*s**3 + 2*s**2 + 4*s + 13. Let a be (1/(8/(-4)))/(1/6). Let f be r(a). Let u = f - -441. What are the prime factors of u?
271
Let l(b) = 25*b**2 - b - 5. Let y be l(3). Suppose 0*f + 3*f - 5*t - y = 0, 2*f - 143 = 5*t. List the prime factors of f.
2, 37
Let j(m) be the third derivative of 139*m**4/12 - m**3/3 + 6*m**2. List the prime factors of j(1).
2, 3, 23
Let q(i) = 2*i**3 + 15*i**2 - 8*i + 2. Let b be q(-8). Suppose b*d - 275 - 47 = 0. Let f = d - 94. List the prime factors of f.
67
List the prime factors of ((-105)/20)/((-45)/185760).
2, 3, 7, 43
Let b(r) = -11931*r**3 - r**2 + 5*r + 13. Let x be b(-2). Suppose -34315 = 34*q - x. What are the prime factors of q?
2, 29, 31
Suppose -t = -3*v + 8, -5*v + 5*t + 18 = t. Suppose -w - v*w - 441 = 0. Let a = w + 230. What are the prime factors of a?
83
Suppose 223*o + 101795 = 228*o. What are the prime factors of o?
20359
Let w(d) be the third derivative of d**6/120 + d**5/5 - 13*d**4/24 + 3*d**3/2 + 25*d**2. Let a be w(-13). What are the prime factors of (-1 - (-175)/3)/(3/a)?
2, 43
Suppose 2*h - 2699 = -o, o = -2*h + 2*o + 2689. List the prime factors of h.
3, 449
Let w(y) = -407*y**3 - 3*y**2 + 3*y. Let d be w(1). Let k = d - -745. List the prime factors of k.
2, 13
Let t(u) = 27*u - 4. Let m be (1 + 1)/(16/8). Let r be (-24)/(-9) + 1*m/3. List the prime factors of t(r).
7, 11
Let w(r) = -r**3 - 5*r**2 - 5*r + 4. Let h be w(-5). Let m = 33 - h. Suppose 0 = 4*p + m*n - 96, -3*p + 5*n + 60 = 2*n. List the prime factors of p.
2, 11
Let s be ((-5)/(40/28))/((-2)/500). Suppose -v = 4*d - 198, -v - 4*v + 3*d = -s. Let y = v - 65. List the prime factors of y.
113
Suppose 0 = 5*n + 5*j + 15, 0*n - 3*j = -n + 9. Suppose -4*p - 16 = -n*p, 5*t - 885 = 5*p. Let z = t - 67. What are the prime factors of z?
2, 53
Suppose l - 22 = 3*u, -u = 7*l - 2*l - 158. Let z(x) = x + 0 - 2 - 8 - 3*x**2 + l*x. What are the prime factors of z(7)?
67
Let f be ((-12)/10)/(-2)*1*30. List the prime factors of 4227/f + (-60)/72.
2, 3, 13
Let j = -217 + 325. Suppose 0 = j*h - 106*h. What are the prime factors of (-12 - -10 - (h + 0))*-58?
2, 29
Suppose -92184 = -4*u - 5*v, -3*v - 1266 + 24326 = u. List the prime factors of u.
2, 13, 443
Suppose -17*q - 39 = -18*q. Suppose 110*d = 113*d - q. What are the prime factors of d?
13
Let j be (-9)/((-9)/(-50))*(-6)/5. Let k = j - 57. Suppose k*u = 207 + 15. List the prime factors of u.
2, 37
Let g be 117/27 - 1/3. Suppose g*t + 0*t = -x + 4, x = -2*t. List the prime factors of (t - -2)*(-74)/(-4) - 0.
2, 37
Let y(d) = 563*d**2 - 89*d + 427. What are the prime factors of y(5)?
14057
Let x(a) = a + 18. Let n(j) = -2*j - j**3 - 460 + 223 + 226. Let v be n(0). What are the prime factors of x(v)?
7
Suppose -61*o - 14*o + 2795908 = 475408. What are the prime factors of o?
2, 5, 7, 13, 17
Let p = 71 + -66. Suppose 770 = p*t - 645. List the prime factors of t.
283
Let q be ((0 - -3) + -1)/((-10)/(-100)). Suppose -3*n - 7 + 1 = 0. What are the prime factors of (52/6*n)/(q/(-30))?
2, 13
Let s = -7028 - -11406. List the prime factors of s.
2, 11, 199
Suppose 375210 = 134*k - 322796. List the prime factors of k.
5209
Let m(p) = 120*p - 16. Suppose 4*w = -2*h + 2, -5*h + h + 2*w = -24. Let d be m(h). List the prime factors of (d/(-6))/(20/6 + -4).
2, 73
Let l be 2/(-4) + 30/(-20) + -1. What are the prime factors of 104/(1 - l/3)?
2, 13
Let k = 29 + -20. Let t(l) = l**3 + l**2 + l + 2. Let y(f) = -5*f**3 + 5*f**2 - 13*f - 20. Let b(n) = -4*t(n) - y(n). What are the prime factors of b(k)?
3, 31
Suppose 2*c - 245 = -47*c. Suppose 6*u = c*u + 5*s + 251, u = -4*s + 278. What are the prime factors of u?
2, 7, 19
Let f be (16/3)/((-4)/(-42)). Suppose -24*q + 259 = 5*z - 20*q, -q + 52 = z. Suppose 2*d = -o + z, o - 3*d - f = -0*o. What are the prime factors of o?
53
List the prime factors of (-2 - 74/(-6))*171 + (-116 - -113).
2, 3, 7
Let r be 15/6*4*2/10. Suppose 66 = 4*n + 2*i + 3*i, -r*i = -3*n + 38. Let c(d) = -2*d**2 + 29*d + 13. What are the prime factors of c(n)?
3
Suppose -2*d - 4*c = -0*c - 6, -4*c = 8. Let u = 19 + -22. What are the prime factors of d - -43 - (4 + u)*3?
47
Let k(u) = 15*u**3 - 8*u**2 + 234*u + 67. What are the prime factors of k(11)?
2, 31, 349
Let q(s) = 10*s + 13. Suppose 8*m + 30 = 14*m. Suppose m*z - i - 32 = 0, -z + 16 = z - 2*i. What are the prime factors of q(z)?
73
Let p(z) = -11*z**2 - 19*z - 9. Let g be p(-8). Let v = g + 869. What are the prime factors of v?
2, 7, 11
Let k = 102 + -51. Suppose 0 = 4*u - k + 11. List the prime factors of 8 - (-4 + -3 + u).
5
Let r be 6*(-162)/(-12) + -4. What are the prime factors of (-9690)/(-11) - (-7)/r?
881
Let i(k) = 224 - 28 - 12*k - 118 + 253. What are the prime factors of i(-48)?
907
Let g = -11 + 13. Suppose 4*p = -4*l + 2432, g*p - 7*p = l - 628. List the prime factors of l.
3, 67
Suppose -32*l + 22*l = 2*l - 165636. What are the prime factors of l?
3, 43, 107
Let 